pose 32 = -3*c + x*c. What is the highest common divisor of c and 32?
16
Let r(g) = -g**2 - 11*g + 1. Let l be r(-9). Suppose 2*u - 5 = l. What is the greatest common divisor of 84 and u?
12
Let x = -7 + 18. Let u = -146 - -145. Let w be 86 - 8 - 2*1 - u. What is the highest common factor of x and w?
11
Let k be 0/(3/(-1) + 5). Suppose k = -4*v + 3*i - 41, 0 = -3*i - 3. Let b = v + 23. What is the greatest common factor of 30 and b?
6
Let g = 41 + -32. Let x be 19/3 - (-6)/g. What is the greatest common factor of x and 28?
7
Suppose -5*z + 255 = -3*c + 7*c, -2*z + 4*c + 102 = 0. What is the highest common divisor of 153 and z?
51
Suppose 2*w + 6 = 10. Suppose 3*r - 340 = -w*r. Calculate the greatest common factor of 17 and r.
17
Let g(q) = -q**3 + 9*q**2 + 10*q + 32. Let r be g(10). Calculate the greatest common divisor of 496 and r.
16
Let w(z) = -2*z - 10. Let u = -4 + -1. Let j be w(u). Suppose -2*x + 2*y + 58 = 4*y, j = -5*y + 20. What is the greatest common factor of x and 10?
5
Let f(g) = -7*g + 7. Let m be f(-7). Let l(y) = y + 3. Let u be l(-5). Let x be (3/3)/(u/(-14)). What is the highest common factor of x and m?
7
Let b = -499 + 506. What is the greatest common factor of 847 and b?
7
Let q = 128 + -106. Calculate the greatest common factor of 154 and q.
22
Suppose -3*y + 2*i + 6 = 0, 9*i = -2*y + 5*i + 20. What is the highest common factor of y and 12?
4
Let b be (-2)/(-4) + 99/6. Let x(m) = -2*m + 40. Let w be x(19). Suppose -k + 459 = w*k. What is the greatest common factor of b and k?
17
Suppose y - 2 = -3*f + 12, 3*y = 5*f. Suppose 5*c = 2*d + 220, -3*d + 220 = y*c - 2*d. Calculate the greatest common divisor of c and 4.
4
Let l be 67/23 + 10/115 + 19. Calculate the greatest common factor of l and 297.
11
Suppose -126*o + 139*o - 2665 = 0. Calculate the greatest common divisor of o and 82.
41
Let i be (-2)/6 - (-1060)/3. Suppose 3*j - 2*p = i, -3*p = -j + 2*p + 96. Let b be (-1)/(-3) + 160/15. Calculate the highest common divisor of b and j.
11
Let u = 1 + 1. Suppose 2*y + 22 = i, -u*y = 4*i + 2*y - 136. Let t(c) = -2*c**2 + 54*c - 95. Let o be t(25). What is the greatest common factor of i and o?
5
Let o(q) = q**3 - 6*q**2 + 8*q - 9. Let c be o(6). Let n = 11666 + -11640. Calculate the highest common divisor of c and n.
13
Suppose -4*y = -4 - 16. Suppose 0*b = d + 4*b - 8, -106 = -y*d + 2*b. Let c = d + 22. What is the greatest common factor of 21 and c?
21
Let q be 4/(-22) + (-1006263)/(-451). Calculate the highest common factor of 23 and q.
23
Let t be 19 - ((1 - -1) + -1). Let o = 27 - t. Let b be (3 - -1) + (o - 6). What is the greatest common factor of b and 63?
7
Let b be (6 + -8)*(-9)/(-6). Let n be (-1 - b)/2*3. Let h = -4 + 13. What is the highest common factor of n and h?
3
Suppose -k + 5*q - 2*q = -53, 5*q + 47 = k. What is the highest common factor of k and 496?
62
Let o be 42 + (-20)/(-5) - (1 + -6). Let n(d) be the first derivative of -d**4 + 2*d - 1. Let m be n(-2). What is the greatest common divisor of m and o?
17
Suppose -4*h + 648 = -2*g, -3*h = 2*g + 3*g - 486. Suppose 8*k - 5*k = -3. Let z be (k + 7/28)/((-1)/24). Calculate the greatest common factor of h and z.
18
Let g(b) = 5 + 12*b**2 + b**2 - 7*b**2 - 7*b. Let j be g(2). Let c(x) = x**2 + x - 3. Let r be c(-3). What is the highest common divisor of j and r?
3
Suppose 3*k = -r - 24 + 127, -5*r - 79 = -3*k. Suppose 8*c - 74 = 14. What is the highest common divisor of c and k?
11
Suppose 0 = -58*z + 63*z - 870. What is the greatest common divisor of 18 and z?
6
Suppose -4*r - x = -79, -3*r + 7*x + 42 = 2*x. Let p = r - -53. Calculate the highest common divisor of 9 and p.
9
Let z be -5 - (-152 - (2 - -2)). Let x = -141 + z. What is the greatest common factor of x and 70?
10
Suppose -a = -2*a + 29. Let k = a + -6. Suppose 3*o - 2*g - 2*g = 59, -o + 2*g + k = 0. Calculate the highest common factor of 143 and o.
13
Suppose 0 = 2*p + 5*x - 29, 3*p + x = -3*x + 40. Let f = 17 - p. Suppose f*n - 396 = -n. Calculate the greatest common divisor of n and 6.
6
Let u(j) = 3*j + 68. Let v be u(3). Suppose 0 = m - 4 - 1. Suppose -2*i = -5*d + 31, -d = -0*i + m*i - 17. What is the highest common factor of d and v?
7
Let p(o) = 5*o**2 - 4*o + 1 - o**2 - 5*o**2 + 7*o**2. Let m be p(5). Suppose -3*k + 25 + m = 0. Calculate the greatest common factor of k and 13.
13
Let s(t) be the first derivative of -t**4/4 - 8*t**3/3 - 4*t**2 + 2*t - 1. Let d be s(-7). Calculate the highest common factor of 45 and d.
9
Let d be (-8)/(4*1/(-2)). Suppose 7 = m - d. Suppose -383 - 13 = -4*x. What is the highest common factor of x and m?
11
Let p = -1976 + 2031. Calculate the greatest common divisor of 385 and p.
55
Suppose 904*v - 80 = 899*v. What is the greatest common factor of 112 and v?
16
Let c = 62 + -18. Suppose 5*a = -4*w - 4, w + 0*a = -5*a - 16. Calculate the greatest common factor of w and c.
4
Let k(c) = -9*c. Let s be k(-1). What is the greatest common divisor of s and 207?
9
Let l = -68 - -76. Calculate the greatest common factor of 1 and l.
1
Let q = 26 - 2. Let j = 144 - q. Suppose 0 = 2*n - 5*c + 3*c - 42, 2*c - 30 = -n. What is the highest common divisor of j and n?
24
Suppose -30*w + 24*w - 6 = 0. Let d(q) = -108*q**3 + q**2 - 2*q - 1. Let j be d(w). Calculate the greatest common divisor of 22 and j.
22
Let k = -447 - -808. What is the highest common factor of k and 19?
19
Let u = -398 - -576. What is the greatest common divisor of 2 and u?
2
Let k be (-1 - (-3 + 4))*1. Let w be 1 - 1*(k + -6). Suppose 3*y = -l + 18, 3*l + w = -0*l. Calculate the highest common factor of y and 14.
7
Suppose 2*g - 16 + 8 = 0. Let c be -2 + 27 - (1 - g). Calculate the highest common factor of c and 28.
28
Let y be (-4)/(-14) - (-235)/35. Suppose 25*i - 19*i = 210. What is the greatest common factor of i and y?
7
Suppose 0 = 12*y + 161 - 281. Suppose 0*s = -s + 20. What is the highest common factor of s and y?
10
Suppose 232 = 24*m + 16. Calculate the greatest common divisor of m and 72.
9
Let p be (-4)/(-1)*16/(-48)*-18. Calculate the highest common divisor of p and 24.
24
Let v be (-8)/(-4) - 50/10. Let u be -1 - (-46)/(-2 - 0). Let n = v - u. What is the highest common factor of n and 3?
3
Suppose -6302 + 42236 = 53*p. Calculate the highest common divisor of p and 6.
6
Let k be 108/(-135)*(-325)/2. What is the highest common divisor of k and 20?
10
Let g(r) = -3*r**3 - 10*r**2 + 2. Let u be g(-4). Let i be ((-153)/(-6))/(9/60). Calculate the greatest common factor of u and i.
34
Let t = -5 - -5. Suppose t*d = d + 1. Let a be d/1 - (-2 - 5). Calculate the greatest common factor of a and 6.
6
Suppose -3*r - 113 = -125. Suppose 2*b - h - 38 = -3*h, r*b - 70 = -h. What is the greatest common factor of 102 and b?
17
Suppose 12 = 5*j - 78. Suppose 41 = k + 3*b - 202, -2*b - 228 = -k. What is the highest common factor of j and k?
18
Suppose -5*x = 25 - 85. Suppose -7*v - 2*v = -972. What is the greatest common factor of v and x?
12
Let v(q) = -q**3 + 11*q**2 - 9*q + 30. Let j be v(8). Calculate the greatest common divisor of j and 525.
75
Suppose 953 = 28*y - 608 - 903. Let z = 15 + -4. Calculate the highest common factor of y and z.
11
Suppose 15*p = -70 + 445. Calculate the greatest common divisor of 200 and p.
25
Let c = 96 + -91. Suppose 3*b = 7*b - 40. Suppose -5*s + 20 = -5*i, -4*s + i = -i - b. Calculate the greatest common divisor of c and s.
1
Let n(p) = -p**2 + p + 97. Let d be n(9). Let q(b) = 69*b**2 - 3*b + 5. Let x be q(2). What is the greatest common factor of d and x?
25
Suppose 59 - 5 = 2*z. Suppose 6*i + 1 = 109. What is the greatest common factor of z and i?
9
Let t(s) = 1 + 2*s**3 + 12*s**2 - 1 + 0 + 5. Let m be t(-6). What is the greatest common factor of m and 20?
5
Let d(g) be the first derivative of -g**4/2 - 31*g**3/3 - 9*g**2 + 9*g + 7. Let r be d(-15). Calculate the highest common factor of 432 and r.
54
Let p = -18 - -26. Suppose 4*s = k, 5*k = 2*k + 3*s. Let c be 40 - (3 + -3 - k). Calculate the greatest common factor of p and c.
8
Suppose -154 = -72*c + 65*c. What is the greatest common divisor of 6 and c?
2
Let p = 1517 - 1427. What is the greatest common factor of 10 and p?
10
Let w(x) = 25*x - 33. Let u be w(2). Calculate the highest common divisor of 68 an